49. Let a = -55 + j. Calculate the remainder when a is divided by l.
11
Let o(h) = -h**3 - 8*h**2 - 7*h + 8. Let u = 5 + 0. Calculate the remainder when o(-7) is divided by u.
3
What is the remainder when 73 is divided by (-6)/21 - (-214)/14?
13
Let a = -20 + 30. Let m(l) = -l**2 + 3. Let f = -11 - -11. Calculate the remainder when a is divided by m(f).
1
Let i(u) = u**3 - 10*u**2 + 14*u - 5. What is the remainder when 158 is divided by i(9)?
38
Let o = 20 + 5. What is the remainder when (-1 - 213/6)*-2 is divided by o?
23
Suppose 57 = 9*o - 6*o. What is the remainder when 282 is divided by o?
16
Let z = 13 - 11. What is the remainder when 5 is divided by z?
1
Let n(q) = 10*q - 13. Calculate the remainder when n(12) is divided by 22.
19
Let u = 77 + -66. What is the remainder when 2/4*2*31 is divided by u?
9
Let i(x) = -x**2 - 7*x + 5. Suppose 300 = 5*o - 2*o. Suppose o = 9*f - 4*f. Calculate the remainder when f is divided by i(-6).
9
Suppose -3*d + 46 = -4*n, -5*d + 3*n + 2*n = -80. What is the remainder when 35 is divided by d?
17
Suppose 4*w - 31 = -11. What is the remainder when w is divided by 5?
0
Let w(f) be the second derivative of -f**3/2 - 5*f**2 + 2*f. Let u = -4 - -13. Calculate the remainder when w(-12) is divided by u.
8
Suppose 11 = 3*b + 2. Suppose 4*a - 20 = -b*m + 14, 3*a = -2*m + 23. What is the remainder when 39 is divided by m?
9
Let w = 5 + 7. Calculate the remainder when (3 + -13)/5 - -24 is divided by w.
10
Let m = -22 - -36. Let j = 1 + 4. Calculate the remainder when m is divided by j.
4
Let v = -8 - -21. Suppose -g - 21 = -4*g. What is the remainder when v is divided by g?
6
Suppose -i = -2*i - 2*p + 4, 4*i - 22 = -5*p. Suppose m - 147 = -2*m + 3*q, 0 = 2*q - i. What is the remainder when m is divided by 11?
9
Suppose -2*j + 6 = -2*v, 7*j - 4*j - 25 = -v. Let i = j + -4. Suppose -5*k + 175 = -3*x + 5*x, i*k - 2*x = 105. Calculate the remainder when k is divided by 9.
8
Let k(i) = i**3 - 7*i**2 + 5*i - 2. Let f be k(4). Let a = f + 44. What is the remainder when a is divided by 4?
2
Suppose -4*h + 0*h = -292. What is the remainder when h is divided by 4?
1
Suppose k + 0*k - 23 = -4*f, 2*k + 4*f = 34. What is the remainder when 19 is divided by k?
8
Suppose 0 = 6*d - d - 50. Calculate the remainder when 19 is divided by d.
9
Suppose -2*t - 72 = -2*m - 0*t, 4*t = -4*m + 184. What is the remainder when m is divided by 9?
5
Let n = 49 - -52. What is the remainder when n is divided by 26?
23
Suppose -17 - 10 = -9*v. Calculate the remainder when v is divided by -1*(-1)/1*3.
0
Let i = -22 + 24. Calculate the remainder when 41 is divided by -4 + 8 - i - -12.
13
Let f = -2 + 11. Suppose -c = 4*t - 89 + 33, 0 = 5*c - 3*t - 234. Suppose n - c = -2*n. What is the remainder when n is divided by f?
7
Suppose 29 = -3*t + 5*m, 3*t - 3 = -3*m - 0*m. Calculate the remainder when -3*(1 - (-29)/t) is divided by 9.
8
Let s(j) = 2*j**2 - 4*j + 3. Let d be s(2). Suppose -2*q + d*q - 9 = 0. What is the remainder when q is divided by 4?
1
Let o(w) be the third derivative of -17*w**6/120 - 3*w**2. Let u = -29 - -35. What is the remainder when o(-1) is divided by u?
5
Let b(f) = 4*f. Suppose -3*y + 69 + 69 = 0. Calculate the remainder when y is divided by b(6).
22
Let c = 75 + -51. Suppose 0*m - 5*m = -10, -5*n = -4*m + 48. What is the remainder when c is divided by n/28 - (-186)/14?
11
Calculate the remainder when (-3)/2*140/(-21) is divided by 9.
1
Let y be 2 + 14 - (-2 - -3). Suppose -i + o - 49 = -5*i, 0 = 5*o + y. Calculate the remainder when 37 is divided by i.
11
Suppose w = 2*r + 29, -3*r = 5*w + 44 - 124. Let x = -5 + 1. What is the remainder when w is divided by (28/6)/(x/(-6))?
5
Let w(f) = f**2 + 4*f. Let a be w(-4). Suppose v = q + 20, 4*v - 3*q + 2*q - 77 = a. Calculate the remainder when v is divided by 4.
3
Suppose -20 = -2*y + m, 3*m + 1 = 4*y - 37. What is the remainder when 42 is divided by y?
9
Let p(r) = r**3 - 5*r**2 + 4*r - 5. Let w be p(5). Suppose 0*h = 4*h. Suppose j - w - 8 = h. Calculate the remainder when j is divided by 8.
7
Let l be (-1 - -4)/((-3)/4). Calculate the remainder when l/10 - (-306)/15 is divided by 11.
9
Let n be 22/6 - 3/(-9). Calculate the remainder when ((-6)/n)/((-1)/36) is divided by 14.
12
Let j(s) = 4*s - 6. Suppose d + 25 = 6*d. What is the remainder when 26 is divided by j(d)?
12
Suppose -2*r + 3 = -3*r. Let p = r - -5. Calculate the remainder when 4 is divided by p.
0
Let u = 6 - 4. Suppose 3*a - 3*z - 184 = -u*a, -3*z + 158 = 4*a. Suppose 5*o = 44 + 21. What is the remainder when a is divided by o?
12
Calculate the remainder when 32 is divided by 2*(-1 + 0 - (-171)/18).
15
Let d = 23 - 17. Calculate the remainder when d is divided by 1.
0
What is the remainder when 30 is divided by 8/(2/9*3)?
6
Calculate the remainder when 25 is divided by 21*-1*3/(-9).
4
Let m be ((-5)/10)/(2/(-64)). Suppose 18 = 5*p + l, -4*l + m = 5*p + 4. Calculate the remainder when 6 is divided by p.
2
Let m = -41 - -61. Calculate the remainder when m is divided by 12.
8
Let a(n) = n - 3. Let l be a(7). Suppose 0 = -i - 20 - l. Let j = 5 - i. Calculate the remainder when j is divided by 10.
9
Suppose 3*y = 9*y - 420. What is the remainder when y is divided by 28?
14
Suppose -f = 2*y - 12, -2*y + 6*f - 2*f = 8. Let t(m) = y*m**3 + 56 - 20 - m - 3*m**3. What is the remainder when t(0) is divided by 19?
17
Suppose -f = 4*d - 13, f + 5*d - 29 = 4*f. Calculate the remainder when 12/(-9)*102/(-4) is divided by f/(6/4) + 11.
7
Let l = -9 - -31. What is the remainder when l is divided by 12?
10
Let x = -7 + 10. Suppose 56 = x*n + 5. Suppose 4*i = 3*i + 6. What is the remainder when n is divided by i?
5
What is the remainder when 29 is divided by (1*(-16)/7)/(40/(-140))?
5
Let p(w) = -w**3 - 11*w**2 + 10*w - 8. What is the remainder when 62 is divided by p(-12)?
14
Suppose 0 = -6*b + 7*b - 4. Suppose 30 = 3*s + 2*r, -5*r - 12 = b*s - 45. Calculate the remainder when 35 is divided by s.
11
Let z = 37 + -18. Let u(i) = -i + 3. Let k be u(-5). Let m = z - k. What is the remainder when m is divided by 6?
5
Suppose d + 3 = 14. Let i(o) = o - 3. Let j be i(3). Suppose 2*t - 2*p - 48 = j, -3*p + 9 = -6*p. What is the remainder when t is divided by d?
10
Suppose -k - 4 = 0, -k + 22 = b - 4*k. Suppose 5 = 5*x - b. Suppose 3*i = 5*a - 43, x*a - 4 - 41 = -3*i. Calculate the remainder when 20 is divided by a.
9
Suppose 2*k = -2*k. What is the remainder when 5/((-10)/(-124)) - k is divided by 16?
14
Suppose 4*f - 41 = -9. Suppose 0 = 4*r + 33 - 53. What is the remainder when f is divided by r?
3
Let l = -29 - -65. Suppose -3*f - 2*h + 67 = -0*h, h - 62 = -3*f. What is the remainder when l is divided by f?
17
Let p(b) = -b**2 + 10*b - 11. Let y be p(8). Calculate the remainder when (4/y)/(13/520) is divided by 11.
10
Let a = -14 + 25. Calculate the remainder when a is divided by 6.
5
Let d = 7 + -2. Let c = d + -1. Suppose 2*n - 8 = c. What is the remainder when 11 is divided by n?
5
Let u(m) = m**2 + 1. Let i(o) = -2*o - 2. What is the remainder when u(3) is divided by i(-4)?
4
Suppose -m - 4 + 17 = 3*a, 0 = a - 3. Suppose -2*n = -5*o - 18, 5*n - 4*o = m + 41. Let p = n - 6. What is the remainder when 4 is divided by p?
1
Let a(f) = f**2 - f - 37. What is the remainder when 17 is divided by a(-6)?
2
Calculate the remainder when (2*-4)/((-3)/12) is divided by 11.
10
Suppose 3*i - 5*m = -m + 23, -i = 5*m + 5. Let z(u) = u - 1. Let d be z(0). Calculate the remainder when d/((-17)/8 + 2) is divided by i.
3
Let l(o) = 5*o - 9. Let g be l(6). Let x = g - -14. What is the remainder when x is divided by 1/2*(-2 - -38)?
17
Let m = -27 + 45. Suppose 3*q = -0*q - 4*o + 18, 5*o - 24 = -4*q. Suppose -3*f - q + 36 = 0. What is the remainder when m is divided by f?
8
Let m(a) = a**2 + 4*a - 4. What is the remainder when 53 is divided by m(4)?
25
Let z = 29 - 13. Let o be (z - -1) + 1*-3. Suppose 0 = 3*b - o - 100. What is the remainder when b is divided by 10?
8
Calculate the remainder when 109 is divided by 10/(-15)*(-41 + -1).
25
Let w be (4/(-2))/(8/28). Suppose 2*j = 15 + 7. Let q = w + j. What is the remainder when 11 is divided by q?
3
Let f(n) = -2*n**3 - 4*n**2 - 4*n + 5. Let i be f(-4). What is the remainder when i/5 + (-1 - 0) is divided 